 591 = m - 3*o, 2*m - i = -o. Calculate the remainder when m is divided by 51.
47
Suppose -336*q + 344 = -332*q. What is the remainder when q is divided by 8?
6
Let b be -22*((-25)/(-10) - 3). Suppose -6*s + b*s = 140. What is the remainder when 132 is divided by s?
20
Let y = 18 + -19. Calculate the remainder when 1 + y - (1 - -4 - 74) is divided by 8.
5
What is the remainder when 133 is divided by (-12)/(-18)*(0 + 78)?
29
Calculate the remainder when 30 is divided by (8 - 6)/(5/10).
2
Suppose 0 = 6*o - 7*o + 5. Suppose -5*v + 24 = 5*z - 151, 3*v - 165 = -o*z. What is the remainder when z is divided by 11?
8
Let q be 0 - (1 + -16)*12. Suppose 4*b = 2*r + q, 4*b + 5*r - 149 = 3. Calculate the remainder when b is divided by 15.
13
Let u(j) = -j**2 - 14*j - 46. What is the remainder when 3 is divided by u(-8)?
1
Let g = -74 + 129. Let m = -41 - -69. What is the remainder when g is divided by m?
27
Let v(o) = -5*o + 407. Calculate the remainder when v(43) is divided by 10.
2
Suppose 0 = -3*s + 15*s - 1080. Calculate the remainder when s is divided by 26.
12
Suppose -4 = q + 3*o + 2*o, o - 37 = 4*q. Let y = 27 + q. Calculate the remainder when 51 is divided by y.
15
Let o = 73 - 51. Suppose -79*f + 73*f + 54 = 0. Calculate the remainder when o is divided by f.
4
Let p(m) = -16*m**3 + 7*m**2 - m + 2. Calculate the remainder when p(-2) is divided by 31.
5
Suppose -48 = -9*u + 15. What is the remainder when 53 is divided by u?
4
Let c(z) = -7*z**2 + 18 + 3*z**3 - 2*z**3 + 0*z - z + 8. Calculate the remainder when c(7) is divided by 5.
4
Suppose -t = r - 41, 279 = 5*r + 3*t + 82. Let y(q) = -6*q**3 - 2*q**2 - q. What is the remainder when r is divided by y(-1)?
2
Let q(h) = 2*h**2 - 2*h - 57. What is the remainder when q(16) is divided by 25?
23
Let h be 1 + 0 + (-90)/(-5). Suppose o + 3*d - h = 0, 2*d - 7*d = -20. What is the remainder when 32 is divided by o?
4
Let q(r) = -r**2 + 3*r - 7*r - 10*r + 11. What is the remainder when q(-8) is divided by 118/8 + (-5)/(-20)?
14
Calculate the remainder when ((-1)/(-6) + 4/(-8))*-243 is divided by 12.
9
Let k(s) = 4*s**2 + 15*s + 12. Calculate the remainder when 368 is divided by k(-5).
35
Suppose -51 = 4*d + 33. Calculate the remainder when (-531)/d - -1*8/(-28) is divided by ((-2)/6)/(2/(-78)).
12
Let p(i) = i + 15 + 6 - 9*i**2 - i**3 - 2*i**2. Calculate the remainder when p(-11) is divided by 8.
2
Let w = -239 - -294. Calculate the remainder when 324 is divided by w.
49
Let l = 40 - 40. Suppose l*b - 36 = -2*b. What is the remainder when 53 is divided by b?
17
Let m = -242 + 272. Calculate the remainder when 147 is divided by m.
27
Let z be 15/(-35) + 72/21. Let m = 25 - z. What is the remainder when m is divided by 2/(-8) - 98/(-8)?
10
Let t = 23 + -17. Suppose t = -2*q, 3*d + 0*q + 4*q - 279 = 0. Calculate the remainder when d is divided by 20.
17
Let t = 532 + -265. Calculate the remainder when t is divided by 77.
36
Let x = -9 - -17. Suppose 0 = -7*t - 17 + 3. What is the remainder when (-13 + -13)*1/t is divided by x?
5
Let m be (5 - 201)/(-2) + 2. Suppose -m = 11*i - 16*i. Calculate the remainder when i is divided by 9.
2
Suppose 5*c = 2*h + 69, 0*c = 4*c + 3*h - 46. Let l(w) = -w**3 - 5*w**2 + 9*w + 2. What is the remainder when l(-7) is divided by c?
11
Suppose 5*x - 278 = 652. Calculate the remainder when x is divided by 27.
24
Let o be (-10)/30 + 14/6. Suppose 64 = c + 2*c - o*j, -3*c - 3*j + 54 = 0. Calculate the remainder when 78 is divided by c.
18
Suppose 8*a - 7*a = 8. Let b(s) = -3*s**3 - 4*s**2 - 5*s - 3. Calculate the remainder when b(-2) is divided by a.
7
Let i(k) = -k**3 + 15*k**2 + 43*k - 10. Let u be 5/((-5)/(-18)) - 1. Calculate the remainder when i(u) is divided by 29.
27
Suppose 14 = 3*y - k - 0, 0 = -3*y - k + 10. Suppose y*h - 198 = -74. Let j = h + -13. Calculate the remainder when 69 is divided by j.
15
Let m(l) = -l**2 + 18*l - 29. What is the remainder when m(8) is divided by 7?
2
Suppose 3*t - d - 260 = 0, 2*t + 135*d = 139*d + 180. What is the remainder when 1718 is divided by t?
84
Calculate the remainder when -4*(-570)/80*2 is divided by 8/20 - 292/(-20).
12
What is the remainder when 373 is divided by (-11 - 1)*11/(-6)?
21
Let c = 0 - -5. Suppose -c*m = -f - 3*f - 115, 0 = 5*f - 25. Suppose -10*r + 7*r + 18 = 0. Calculate the remainder when m is divided by r.
3
Calculate the remainder when 590 is divided by -2 - (-247)/7 - 122/427.
29
Let k be (170/(-4) - -4)*-2. Suppose 3*d = -5*x + k, -2*d - 2*x + 47 = -3*x. What is the remainder when d is divided by 14?
10
Let n be (-50)/(-6) - 6/18. What is the remainder when 149 is divided by 4*(4 + (-52)/n)/(-1)?
9
Suppose -2*u + 12 = 16, 2*b + 5*u - 30 = 0. What is the remainder when 97 is divided by b?
17
Suppose 216 + 92 = 22*p. Let u = -52 - -76. What is the remainder when u is divided by p?
10
Calculate the remainder when ((-566)/6)/(2/(-6)) is divided by 41.
37
Suppose 2*w + 3*v = -2*w + 40, 0 = -4*v - 16. Calculate the remainder when 88 is divided by w.
10
Calculate the remainder when 302 is divided by (-9 - 10)*4/(-4).
17
Suppose -2*g - 72 = -4*f + g, -5*g + 20 = 0. Calculate the remainder when 272 is divided by f.
20
Let u(r) be the third derivative of -r**5/60 - 13*r**4/24 + 5*r**3/2 - 4*r**2. Calculate the remainder when u(-10) is divided by 23.
22
Let y(l) = -l - 12. Let f be y(-14). Suppose -5*x - 5 = 0, -3*x + 21 = -2*p - f*p. Let j = p + 28. What is the remainder when j is divided by 8?
6
Suppose -5*g = -9 - 6. What is the remainder when 6/g + -2 - -16 is divided by 6/((-1)/(-3)*2)?
7
Let f(q) = -q + 2. Let m be 26/39 + 20/(-3). Suppose 0 = 5*w - 4*d - 85, -24 = -2*w - 3*d + 33. What is the remainder when w is divided by f(m)?
5
Suppose -c + 106 - 2 = 3*z, 600 = 5*c - z. Let x = c + -73. Let j = 9 + x. What is the remainder when j is divided by 19?
17
Suppose -5*c + 3*j = -139, j + 103 = 3*c + 22. Suppose 4*n - 3*x = c, -n + x = -4 - 2. What is the remainder when 28 is divided by n?
4
Let h(q) = 2*q**3 + 5*q**2 - 8*q + 19. Calculate the remainder when h(3) is divided by 8.
6
Let i = -811 + 909. Calculate the remainder when i is divided by 9.
8
Suppose -h - 10 = -k - 3, 3*k = 5*h + 15. Calculate the remainder when 489 is divided by k.
9
Let q(h) = -h**3 + 11*h**2 - 10*h + 19. Let s be (-3)/(3 - (1 + (-69)/(-30))). Calculate the remainder when q(s) is divided by 7.
5
Suppose -165 = -22*d + 17*d. What is the remainder when 131 is divided by d?
32
Let t = -64 - -86. What is the remainder when (t + -18)*54/8 is divided by 6?
3
Let t = 48 + -51. Suppose -5*a - 4*g + 27 = 0, -2*a + 0*a - 2*g + 12 = 0. Calculate the remainder when a is divided by 2/5 + ((-7)/5 - t).
1
Let m(i) = 41*i**2 - 5*i + 4. What is the remainder when 160 is divided by m(1)?
0
Suppose -5*v + 77 = 4*m, v - 6 + 1 = 0. Calculate the remainder when 698 is divided by m.
9
Let c(v) = -v**3 - 2*v**2 - 8. Let d be c(0). Let a = -10 - d. What is the remainder when 14/(-1 + (-3)/a) is divided by 16?
12
Let d be (1/4 - (-8)/(-32)) + 3. What is the remainder when 2/(-3)*((-270)/12 + d) is divided by 11?
2
Let i = 12 - -6. Let k be (5/2)/((-4)/8). Calculate the remainder when 71 - k*4/(-10) is divided by i.
15
Suppose 0 = -6*a + 3*a + 9. Suppose -b = 0, -i + 3 = -a*b - 2. Suppose -3*u = -3*f - 36, f = -5*u + i*f + 64. What is the remainder when 60 is divided by u?
12
Let a = 25 + -4. Suppose 19*l = -0 + 114. Calculate the remainder when a is divided by l.
3
Let u = 173 + -162. Calculate the remainder when 175 is divided by u.
10
What is the remainder when (-2)/(-8)*-2*(10 + -96) is divided by (10/(-8))/((-1)/12)?
13
Let h = 1536 + -1495. Calculate the remainder when 565 is divided by h.
32
Let z = 321 + -308. What is the remainder when 1168 is divided by z?
11
Suppose -40 = -4*y + 48. Let p = y - 3. Calculate the remainder when p is divided by 5.
4
Suppose 3*w + i - 10 = -2*w, -4*w = -3*i - 8. Suppose 0 = -3*r + 12, 5*f + 2*r = r + 19. Calculate the remainder when f is divided by w.
1
Let v(n) = n + 5. Let q = -2 + 7. Calculate the remainder when (-3 - 1)*3/(-12) + 27 is divided by v(q).
8
Suppose -2*l = -0*l + 42. Suppose -72 = 4*n - 4*c, -n - 4*c + 7 = -0*c. Let f = n - l. Calculate the remainder when 31 is divided by f.
7
Suppose 2*j - 15*j + 104 = 0. Wha